 factors of 11414?
2, 13, 439
What are the prime factors of 10638?
2, 3, 197
List the prime factors of 567.
3, 7
List the prime factors of 7108.
2, 1777
What are the prime factors of 5254?
2, 37, 71
What are the prime factors of 16676?
2, 11, 379
What are the prime factors of 1882?
2, 941
List the prime factors of 182.
2, 7, 13
List the prime factors of 1094.
2, 547
What are the prime factors of 49848?
2, 3, 31, 67
List the prime factors of 3996.
2, 3, 37
List the prime factors of 30159.
3, 1117
What are the prime factors of 1475?
5, 59
What are the prime factors of 11928?
2, 3, 7, 71
What are the prime factors of 54796?
2, 7, 19, 103
What are the prime factors of 157?
157
List the prime factors of 2811.
3, 937
What are the prime factors of 4578?
2, 3, 7, 109
What are the prime factors of 27356?
2, 7, 977
What are the prime factors of 20487?
3, 6829
List the prime factors of 70583.
70583
What are the prime factors of 538?
2, 269
What are the prime factors of 132809?
59, 2251
What are the prime factors of 14526?
2, 3, 269
List the prime factors of 3663.
3, 11, 37
What are the prime factors of 121298?
2, 60649
List the prime factors of 17185.
5, 7, 491
What are the prime factors of 134721?
3, 14969
List the prime factors of 215.
5, 43
What are the prime factors of 1043?
7, 149
What are the prime factors of 34060?
2, 5, 13, 131
List the prime factors of 1353.
3, 11, 41
List the prime factors of 2212.
2, 7, 79
List the prime factors of 67103.
67103
List the prime factors of 2961.
3, 7, 47
List the prime factors of 26988.
2, 3, 13, 173
List the prime factors of 1633.
23, 71
What are the prime factors of 1851?
3, 617
What are the prime factors of 3562?
2, 13, 137
List the prime factors of 33025.
5, 1321
What are the prime factors of 7409?
31, 239
List the prime factors of 7562.
2, 19, 199
What are the prime factors of 40886?
2, 20443
List the prime factors of 32991.
3, 7, 1571
List the prime factors of 54429.
3, 18143
List the prime factors of 106889.
89, 1201
List the prime factors of 186.
2, 3, 31
What are the prime factors of 36892?
2, 23, 401
What are the prime factors of 10750?
2, 5, 43
List the prime factors of 1036.
2, 7, 37
What are the prime factors of 48038?
2, 24019
What are the prime factors of 12261?
3, 61, 67
List the prime factors of 17938.
2, 8969
List the prime factors of 4896.
2, 3, 17
List the prime factors of 642.
2, 3, 107
What are the prime factors of 804?
2, 3, 67
What are the prime factors of 441?
3, 7
What are the prime factors of 94178?
2, 7, 31
List the prime factors of 3253.
3253
List the prime factors of 53636.
2, 11, 23, 53
List the prime factors of 6098.
2, 3049
What are the prime factors of 2060?
2, 5, 103
What are the prime factors of 1290?
2, 3, 5, 43
What are the prime factors of 2733?
3, 911
List the prime factors of 13059.
3, 1451
List the prime factors of 1024.
2
What are the prime factors of 1018?
2, 509
What are the prime factors of 984?
2, 3, 41
What are the prime factors of 5591?
5591
What are the prime factors of 521?
521
List the prime factors of 1341.
3, 149
What are the prime factors of 6076?
2, 7, 31
What are the prime factors of 31956?
2, 3, 2663
List the prime factors of 8258.
2, 4129
What are the prime factors of 20172?
2, 3, 41
What are the prime factors of 485?
5, 97
What are the prime factors of 16526?
2, 8263
List the prime factors of 21266.
2, 7, 31
List the prime factors of 6981.
3, 13, 179
List the prime factors of 904.
2, 113
What are the prime factors of 70195?
5, 101, 139
What are the prime factors of 30642?
2, 3, 5107
What are the prime factors of 155?
5, 31
What are the prime factors of 23503?
19, 1237
What are the prime factors of 806?
2, 13, 31
What are the prime factors of 1203?
3, 401
What are the prime factors of 448?
2, 7
What are the prime factors of 2335?
5, 467
What are the prime factors of 23711?
131, 181
List the prime factors of 49.
7
What are the prime factors of 3437?
7, 491
List the prime factors of 42.
2, 3, 7
List the prime factors of 271.
271
List the prime factors of 120.
2, 3, 5
What are the prime factors of 825?
3, 5, 11
List the prime factors of 53039.
7, 7577
What are the prime factors of 42?
2, 3, 7
What are the prime factors of 4204?
2, 1051
List the prime factors of 1371.
3, 457
List the prime factors of 22725.
3, 5, 101
What are the prime factors of 10460?
2, 5, 523
List the prime factors of 819.
3, 7, 13
What are the prime factors of 49800?
2, 3, 5, 83
List the prime factors of 8378.
2, 59, 71
List the prime factors of 22277.
22277
What are the prime factors of 70559?
37, 1907
List the prime factors of 16102.
2, 83, 97
What are the prime factors of 1569?
3, 523
What are the prime factors of 15317?
17, 53
What are the prime factors of 90382?
2, 45191
What are the prime factors of 1199?
11, 109
What are the prime factors of 104402?
2, 52201
What are the prime factors of 69?
3, 23
List the prime factors of 6883.
6883
What are the prime factors of 47728?
2, 19, 157
What are the prime factors of 12823?
12823
What are the prime factors of 47712?
2, 3, 7, 71
List the prime factors of 22114.
2, 11057
List the prime factors of 20352.
2, 3, 53
What are the prime factors of 21754?
2, 73, 149
What are the prime factors of 24826?
2, 12413
List the prime factors of 92.
2, 23
List the prime factors of 151034.
2, 13, 37, 157
List the prime factors of 6475.
5, 7, 37
List the prime factors of 5480.
2, 5, 137
What are the prime factors of 2072?
2, 7, 37
List the prime factors of 170862.
2, 3, 28477
List the prime factors of 32728.
2, 4091
What are the prime factors of 9717?
3, 41, 79
List the prime factors of 16292.
2, 4073
List the prime factors of 20812.
2, 11, 43
List the prime factors of 7718.
2, 17, 227
List the prime factors of 17200.
2, 5, 43
List the prime factors of 11968.
2, 11, 17
List the prime factors of 3045.
3, 5, 7, 29
List the prime factors of 13526.
2, 6763
List the prime factors of 1202.
2, 601
What are the prime factors of 5858?
2, 29, 101
What are the prime factors of 8311?
8311
What are the prime factors of 27835?
5, 19, 293
List the prime factors of 4499.
11, 409
What are the prime factors of 6218?
2, 3109
What are the prime factors of 4090?
2, 5, 409
What are the prime factors of 114569?
7, 13, 1259
List the prime factors of 4575.
3, 5, 61
List the prime factors of 9639.
3, 7, 17
List the prime factors of 175401.
3, 19489
What are the prime factors of 14122?
2, 23, 307
What are the prime factors of 4931?
4931
List the prime factors of 12150.
2, 3, 5
List the prime factors of 132417.
3, 14713
What are the prime factors of 5296?
2, 331
What are the prime factors of 9297?
3, 1033
What are the prime factors of 7974?
2, 3, 443
List the prime factors of 47919.
3, 15973
What are the prime factors of 793?
13, 61
List the prime factors of 13219.
13219
List the prime factors of 14522.
2, 53, 137
List the prime factors of 4472.
2, 13, 43
List the prime factors of 58986.
2, 3, 29, 113
What are the prime factors of 465?
3, 5, 31
What are the prime factors of 7165?
5, 1433
List the prime factors of 46713.
3, 23, 677
What are the prime factors of 16579?
59, 281
What are the prime factors of 418?
2, 11, 19
List the prime factors of 6507.
3, 241
What are the prime factors of 1534?
2, 13, 59
What are the prime factors of 127?
127
What are the prime factors of 5872?
2, 367
What are the prime factors of 60794?
2, 113, 269
List the prime factors of 28772.
2, 7193
What are the prime factors of 3916?
2, 11, 89
List the prime factors of 30496.
2, 953
What are the prime factors of 1916?
2, 479
What are the prime factors of 1799?
7, 257
What are the prime factors of 27251?
7, 17, 229
What are the prime factors of 8373?
3, 2791
List the prime factors of 1673.
7, 239
List the prime factors of 8551.
17, 503
What are the prime factors of 12705?
3, 5, 7, 11
What are the prime factors of 8173?
11, 743
What are the prime factors of 4167?
3, 463
What are the prime factors of 1904?
2, 7, 17
What are the prime factors of 11453?
13, 881
List the prime factors of 3737.
37, 101
List the prime factors of 2944.
2, 23
What are the prime factors of 33107?
33107
List the prime factors of 1104.
2, 3, 23
What are the prime factors of 260?
2, 5, 13
List the prime factors of 1646.
2, 823
What are t